6 = -4*s, 0*v + 2*v + 12 = -2*s. Give y(v).
4
Let u(f) = f**2 - 6*f**2 - 1 - f**2. Let a be (3/(-2))/(1/2). Let w be ((-1)/a)/(1/(-3)). Give u(w).
-7
Let f(l) = -l + 1. Suppose 1 + 3 = -2*s, -5*b - 4*s - 8 = 0. Let k = -9 - -9. Let h = k + b. Calculate f(h).
1
Let s(j) = 3*j - 5*j + 3 + j**2 - 3*j. Let z be 2 - (0/3 + 0). Let i be (4/1 + 2)/z. Calculate s(i).
-3
Let t(b) be the third derivative of -1/24*b**4 + 0*b + 2*b**2 + 0*b**3 + 0. Suppose 6 = -2*i + 2*d + 2, 0 = 3*d + 9. Give t(i).
5
Let x(a) = 42 + 0*a**2 + a**2 - 6*a - 43. Let q = 2 - -2. Give x(q).
-9
Let n(b) be the second derivative of -b**3/6 - b**2/2 + b. Let q be -6 + (2 + -2)/(-2). Let c = q - -8. What is n(c)?
-3
Suppose q - 5 = -3. Let i(n) = n**3 + n**2 - 2*n + 2. Give i(q).
10
Let y(m) = m**3 + 3*m**2 - 4*m - 2. Suppose k - 5*k = 52. Let h = k + 19. Let n = h + -10. What is y(n)?
-2
Let y = 7 - 4. Let w = y + 1. Let k(u) = -6*u + 3*u + w*u - 1. Determine k(-1).
-2
Suppose 5*p = -3*r + 5*r + 16, -r + p - 2 = 0. Let k(n) = n - 6 + 5*n - 2*n + n**r. What is k(-5)?
-1
Let s be (-6)/3*1 + 4. Suppose 2*o - 8 = -s*o. Let d be o*3/(-6)*-1. Let b(v) = -3*v**2 + 1. Determine b(d).
-2
Let f(b) = b**3 + 4*b**2 - 5*b + 4. Let z be f(-5). Suppose q = -4*q + z*h + 25, 3*q = h + 15. Let k(u) = 2*u - 5. Give k(q).
5
Let c(h) = h**3 + h + 4. Suppose p + 3*p = 0. Suppose -5*b = -p*b. Determine c(b).
4
Suppose 2*z + 1 = 7. Let h(a) = 4*a - z*a - 2 + 0 - 10. Calculate h(6).
-6
Let c(s) be the third derivative of -s**6/120 + s**5/30 + s**4/8 + 2*s**3/3 - 12*s**2. What is c(3)?
4
Let t = -59 - -62. Let d(k) = 2*k**2 - 5*k + 2. Give d(t).
5
Let x = -1 - -3. Let p be -2*2/4*x. Let j(m) = m**3 - 2*m - 2. Give j(p).
-6
Let k = -14 + 3. Let h(j) = -j**2 - 10*j + 7. Let d be h(k). Let i(l) = -l**3 - 5*l**2 - 7*l - 5. Determine i(d).
7
Suppose 4*x = -14 + 62. Suppose -x - 16 = -5*v + 2*q, 0 = 2*v + 4*q + 8. Let j(b) = -4*b + 2. Let p(s) = 9*s - 4. Let k(c) = -5*j(c) - 2*p(c). What is k(v)?
6
Let z = 7 + -5. Let d(b) = 0*b - 3 - b**3 + 1 - b + b**z. Determine d(0).
-2
Let d(j) = 10*j - 5. Let b(s) = -10*s + 4. Let c(w) = 4*b(w) + 3*d(w). Let o = -2 + 3. What is c(o)?
-9
Let k(h) be the third derivative of 0 + 2/3*h**3 + 1/12*h**5 + 4*h**2 - 1/120*h**6 + 0*h + 0*h**4. Calculate k(5).
4
Let x(v) = 3*v**3 - v**2 - v. Let i be 3 - 3*(-8)/12. Suppose 0 = 4*t - 3*t. Suppose -i = 5*g - t*g. What is x(g)?
-3
Let u(t) = -4 + 0*t**2 - 9*t - t**2 + 0*t**2. Let b = -326 - -320. Give u(b).
14
Let b(l) = l + 3*l**2 + 1 + 4*l**2 - 6*l**2 - 7*l. Determine b(5).
-4
Let f be -1 - ((-5 - -2) + 2). Let v = f + 3. Let x(w) = w + 2. Let q(c) = 2*c + 2. Let l(t) = -3*q(t) + 5*x(t). What is l(v)?
1
Suppose -3*h + 0 = 4*z - 12, -z = 0. Let t(a) = -6 + 3 + 0*a + 3*a. What is t(h)?
9
Let r = -7 - -3. Let f(l) = -67 + 2*l + 71 + 4*l**2 + l**3 - l + 0*l. Give f(r).
0
Suppose -j - 2*j = -6. Let t(y) = y + 5. Let s be t(-5). Let o(g) = -5*g - 2 + 4*g + s*g**2 + 2*g**2. What is o(j)?
4
Let h be (-4)/10 - 16/10. Let q be 15/h*4/(-5). Let z = 2 - q. Let j(g) = -g**2 - 3*g + 3. Determine j(z).
-1
Let w(u) = -6*u + 3*u + 5 + 2*u - 4. Suppose x - 5 + 0 = 0. Give w(x).
-4
Let h(m) = 1 - 10*m + 7*m - 2 + 4*m. Give h(8).
7
Let s(o) = o**2 + 9*o - 3. Suppose -15 - 12 = 3*k. Give s(k).
-3
Suppose 4*i = 12 + 12. Let g(w) = -w + 8. What is g(i)?
2
Let l(r) = -1 + 0*r - 9*r - 8*r**2 - 2*r. Let a(m) = 7*m**2 + 10*m + 1. Let g(o) = 7*a(o) + 6*l(o). Suppose 0 = u - z + 8, 20 = 4*z. Give g(u).
-2
Let u(o) = o**3 - 6*o**2 - 7*o - 9. Suppose -3 = 5*h - 38. What is u(h)?
-9
Suppose 5*v = -0 - 5. Let a be ((-4)/(-5))/(v/5). Let x(l) = 5*l**2 + 9*l - 4. Let h(b) = -b**2 - b + 1. Let o(g) = -4*h(g) - x(g). Calculate o(a).
4
Let r(t) = -t + 2. Suppose -2 = -k + d, 2 - 38 = -3*k - 3*d. Let q be r(k). Let j(b) = -b**3 - 5*b**2 - 3*b - 5. What is j(q)?
10
Suppose -45 = 4*k - 9. Let y = k + 13. Let p(m) = -5*m**3 + 8*m**2 + m + 5. Let l(n) = -n**3 + n**2 - n. Let j(v) = y*l(v) - p(v). Determine j(5).
-5
Let o(v) = -7*v**3 + 6*v**2 + 3*v + 6. Let k(h) = h**3 - h**2 - 1. Let u(d) = 6*k(d) + o(d). Let j(n) be the second derivative of u(n). Calculate j(-1).
6
Let f(o) = -o**2 - 7*o - 10. Let w = 78 - 85. Give f(w).
-10
Let u(f) = f**3 + 4*f**2 - 4*f + 7. Suppose -3*a - n + 1 = -0*a, 5*n = 2*a + 5. Suppose -2*g - 6 = -a*g. Let k be (-1)/(1*g/(-15)). What is u(k)?
2
Let p(d) = -6*d**2 + 7*d**2 - 3*d + 1 - 5. What is p(5)?
6
Let n(q) = q**2 - 13*q + 7. Let y(s) = -6*s + 3. Let v(w) = 2*n(w) - 5*y(w). Give v(-3).
5
Let n(z) be the first derivative of z**3/3 + 7*z**2/2 - 4*z + 3. Calculate n(-7).
-4
Let r(n) = 8*n**2 - 5*n - 7. Let g(y) = 15*y**2 - 9*y - 13. Let d(w) = -6*g(w) + 11*r(w). Determine d(2).
-9
Let v(x) = x**2 + 8*x - 9. Let y be 2/(-4) - 17/2. Let b be v(y). Let s(l) = b*l - l - 2 + 4*l. What is s(3)?
7
Let u(x) = -x**3 - 2*x + 4. Let z be u(0). Let w(j) be the third derivative of -j**5/60 + j**4/8 - 2*j**3/3 + j**2. Give w(z).
-8
Let f(y) = y**2 + 5*y + 3. Let p be 1/(-3 - (-40)/13). Suppose 3*o + p = -2*k, 0 = 5*k - 4*k - 5*o. Determine f(k).
3
Let m(d) = -3 + 2*d**3 + 5*d**2 + d**2 - d**3. Suppose z + 4 = -h, -h + 4*z + 1 = 15. Calculate m(h).
-3
Suppose -5*l - 3 = -2*l. Let n be 2/6 - (-2)/3. Let v = n - l. Let q(x) = -2*x**3 + 3*x**2 - x + 2. Give q(v).
-4
Let m(p) be the third derivative of 1/2*p**3 + 5*p**2 + 0*p + 0 + 1/24*p**4. What is m(-7)?
-4
Suppose r = -2*r. Suppose -2*b + 9 - 13 = r. Let g(y) = y**3 - y**2 - 4*y - 3. Determine g(b).
-7
Let d(t) = -3*t**3 - 2*t**2 + 1. Let o be d(-1). Let y be 2 + -1 + -5 + 6. Let q(k) = -6*k**2 - 4*k + 3 + 0 + 8*k**y. Calculate q(o).
3
Suppose 3*g + 4*o = o + 12, 0 = g + 4*o + 2. Let b(d) = d**2 - 5*d - 6. Give b(g).
0
Let v be -5*6/(-20)*-4. Let r(p) be the second derivative of p**6/120 + p**5/10 - p**3 - 3*p**2/2 + 3*p. Let s(l) be the first derivative of r(l). What is s(v)?
-6
Let t be (-5)/25 - 58/10. Let f(u) = -u - 3 + 5*u + 7 - 3*u. What is f(t)?
-2
Let n(j) = 2*j - 1. Let u(l) = l - 1. Let q be u(0). Let w be q + 1 + (2 - 3). Let v be ((w*6)/(-2))/1. What is n(v)?
5
Let u(m) be the second derivative of -m**5/20 + 7*m**4/12 + 7*m**3/6 + m**2 - 8*m. What is u(8)?
-6
Let w be -15*(-5)/110 + (-2)/11. Let i(u) be the first derivative of 0*u - w*u**2 - 1. Determine i(-3).
3
Suppose -p = -4*r + r + 6, 10 = 5*r - 3*p. Let z(j) = -r + 2*j**2 + 1 - j + 2*j. Calculate z(-2).
5
Let l = 8 + -13. Let a be (-40)/12*6/l. Suppose -2*i = -4*i + a. Let n(m) = m**2 - m - 1. Give n(i).
1
Let x = -13 - -9. Let f(q) = -2*q - 5. Let h be f(x). Let v(i) = 2 + 2*i + 1 + 0 - 2*i**2. Determine v(h).
-9
Let p(d) = -2 - 4*d**3 - 4*d - 2*d**3 - 2*d**2 + 4*d**3. Determine p(-2).
14
Let v(p) = p**2 + 5*p - 28 - 26 + 48. Determine v(-6).
0
Let f(k) = -5*k + 22*k**3 + 5*k + 1 - 26*k**3. Let u(n) = n - 7. Let g be u(6). Let t be (g/(-3))/(1/3). Give f(t).
-3
Let i(w) be the second derivative of -w**4/12 - w**3/6 + 4*w**2 - 19*w. Let m be 2/7 - 10/(-14). Let o be (m - 1)*(-1)/2. Give i(o).
8
Let s(v) = -v**3 + 6*v**2 + 2*v - 7. Suppose -3*d - 25 = -8*d. Suppose 1 = d*j - 29. Calculate s(j).
5
Let v(w) = -4*w - 4. Suppose -3*i + 4*i + 5 = 0. Let n(f) = 4*f + 5. Let h(q) = i*n(q) - 6*v(q). Give h(-1).
-5
Let f(b) be the third derivative of 0 + b**3 + 0*b + 7/24*b**4 + b**2 + 1/60*b**5. Suppose 5*v + 13 + 7 = 0. Calculate f(v).
-6
Let c(t) = 3*t. Let l(x) = x**2 + 9*x + 7. Let o = -11 + 4. Let z(b) = 2*b + 6. Let q be z(o). Let a be l(q). Determine c(a).
-3
Let s(a) be the second derivative of -a**5/20 + a**4/2 + 7*a**3/6 - 5*a**2/2 + 3*a. What is s(7)?
-5
Suppose -a = 2*k - 15, 35 = 2*k - 6*a + 3*a. Suppose g + 5*m = 16, 0 = -0*m - 2*m + 4. Let f(j) = -k*j - g*j**2 + 0 + 0 + 11*j. Calculate f(1).
-5
Let l(x) = -x**3 - 3*x**2 + 2*x + 6. Suppose 11 = -3*n + 83. Suppose 4*w - 8 = 0, -3*k - 2*k - n = -2*w. What is l(k)?
14
Let j(q) = -5*q**3 - 2*q + 1. Suppose -3*c - 3 + 0 = 0. Let w(x) = -x**3. Let m be w(c). What is j(m)?
-6
Let a(q) = -q**3 - 2*q**2 - 3. Let o(z) = z**3 + 21*z**2 + 36*z - 41. Let u be o(-19). Determine a(u).
6
Let w(v) = 2 - 3*v - 7 + 12 - v**2. What is w(-5)?
-3
Suppose -3 = -5*b + 22. Suppose -4*l - b*r = 27, -33 + 9 = 5*l + 3*r. Let n(d) = d**3 + 2*d**2 - 3*d - 4. What is n(l)?
-4
Suppose 4 + 0 = 2*u. Let x(y) = -4*y**